{"id":7,"date":"2014-07-13T05:05:26","date_gmt":"2014-07-13T03:05:26","guid":{"rendered":"http:\/\/coachingausbildung.academy\/coachingausbildung\/?page_id=7"},"modified":"2021-06-22T14:06:46","modified_gmt":"2021-06-22T12:06:46","slug":"coachingausbildung-kontakt","status":"publish","type":"page","link":"https:\/\/alpha02.com\/ILM-WEBDATA\/coachingausbildung\/coachingausbildung-kontakt\/","title":{"rendered":"Coaching Ausbildung Kontakt"},"content":{"rendered":"<p><div class='content-column three_fourth'><a href=\"https:\/\/alpha02.com\/ILM-WEBDATA\/coachingausbildung\/wp-content\/uploads\/2014\/12\/Coachingausbildung-Life-Coach-und-Business-Coach3-e1417984996852.jpg\" target=\"_blank\" rel=\"noopener noreferrer\" data-rel=\"lightbox-image-0\" data-rl_title=\"\" data-rl_caption=\"\" title=\"\"><img loading=\"lazy\" decoding=\"async\" class=\"alignnone wp-image-418 size-full\" src=\"https:\/\/alpha02.com\/ILM-WEBDATA\/coachingausbildung\/wp-content\/uploads\/2014\/12\/Coachingausbildung-Life-Coach-und-Business-Coach3-e1417984996852.jpg\" alt=\"Coachingausbildung zum Life Coach und Business Coach - Business Coaching\" width=\"600\" height=\"222\" data-id=\"418\"><\/a><\/p>\n<p>&nbsp;<\/p>\n<p>[contact-form-7 id=&#8221;4&#8243; title=&#8221;Kontaktformular 1&#8243;]<\/p>\n<p>Oder rufen Sie an f\u00fcr mehr Informationen zur <a href=\"https:\/\/alpha02.com\/ILM-WEBDATA\/coachingausbildung\/\">Life &#038; Business Coaching Academy<\/a>: 069 97073983 <\/p>\n<p>&nbsp;<\/p>\n<p>&nbsp;<br>\nDer Weg zur  <a href=\"https:\/\/alpha02.com\/ILM-WEBDATA\/coachingausbildung\/\">Life &#038; Business Coaching Academy<\/a><br>\n<div id=\"wpgmza_map\" class=\"wpgmza_map\" data-settings='{\"id\":\"1\",\"map_title\":\"Meine erste Karte\",\"map_width\":\"100\",\"map_height\":\"400\",\"map_start_lat\":\"50.120255\",\"map_start_lng\":\"8.687157\",\"map_start_location\":\"50.120254733601634,8.687157498782085\",\"map_start_zoom\":\"19\",\"default_marker\":\"0\",\"type\":\"1\",\"alignment\":\"1\",\"directions_enabled\":\"1\",\"styling_enabled\":\"0\",\"styling_json\":\"\",\"active\":\"0\",\"kml\":\"\",\"bicycle\":\"0\",\"traffic\":\"0\",\"dbox\":\"1\",\"dbox_width\":\"100\",\"listmarkers\":\"0\",\"listmarkers_advanced\":\"0\",\"filterbycat\":\"0\",\"ugm_enabled\":\"0\",\"ugm_category_enabled\":\"0\",\"fusion\":\"\",\"map_width_type\":\"\\\\%\",\"map_height_type\":\"px\",\"mass_marker_support\":\"1\",\"ugm_access\":\"0\",\"order_markers_by\":\"1\",\"order_markers_choice\":\"2\",\"show_user_location\":\"0\",\"default_to\":\"\",\"other_settings\":{\"store_locator_enabled\":2,\"store_locator_distance\":2,\"store_locator_default_radius\":10,\"store_locator_not_found_message\":\"No results found in this location. Please try again.\",\"store_locator_bounce\":1,\"store_locator_query_string\":\"PLZ \\\/ Adresse:\",\"store_locator_default_address\":\"\",\"wpgmza_store_locator_restrict\":\"\",\"store_locator_style\":\"modern\",\"wpgmza_store_locator_radius_style\":\"modern\",\"map_max_zoom\":\"1\",\"transport_layer\":0,\"wpgmza_show_points_of_interest\":0,\"wpgmza_auto_night\":0}}' data-map-id='1' Data-maps-engine='open-layers' data-shortcode-attributes='{\"id\":\"1\"}' style=\"display:block; overflow:auto; width:100%; height:400px; float:left;\"><\/div><br><\/div><div class='content-column one_fourth last_column'>\r\n\t<aside id=\"sidebar\"><nav><ul>\r\n \r\n\n\t\t<li id=\"text-14\" class=\"widget widget_text\">\n\t<h3 class=\"widgettitle\">Brosch\u00fcren zu den Seminaren<\/h3>\t\t\t<div class=\"textwidget\"><p><a class=\"brochure\" href=\"https:\/\/alpha02.com\/ILM-WEBDATA\/coachingausbildung\/wp-content\/uploads\/2021\/02\/Coachingausbildung-Life-Business-Coach-IHK-Broschuere-Stand-09.02.2021-kompr.pdf\" target=\"_blank\" rel=\"noopener\">LIFE UND BUSINESS COACH<\/a><a class=\"brochure\" href=\"https:\/\/alpha02.com\/ILM-WEBDATA\/coachingausbildung\/wp-content\/uploads\/2021\/02\/Business-Coach-Ausbildung-Broschuere-Stand-09.02.2021-kompr.pdf\" target=\"_blank\" rel=\"noopener\">BUSINESS COACH<\/a><\/p>\n<\/div>\n\t\t<\/li>\n\t\t<li id=\"text-2\" class=\"widget widget_text\">\t\t\t<div class=\"textwidget\"><h3 class=\"widgettitle\">Kundenstimmen<\/h3><div class=\"textwidget\"><p>Diese Ausbildung ist ein voller \u201eAha-Effekte\u201c und von gro\u00dfem Mehrwert, sowohl privat als auch beruflich! Ich habe kommunikationspsychologische Grundlagen und Funktionsweisen kennengelernt und die Erkenntnis, was alles ver\u00e4nderbar ist und wie man Ver\u00e4nderungen bewirken kann. Aktive Selbstf\u00fchrung und -steuerung ist m\u00f6glich, ben\u00f6tigt aber \u00dcbung und Willenskraft. Ich merke eine Verbesserung meiner Kommunikation. Die Entwicklung von wahren F\u00fchrungsqualit\u00e4ten wurde angeregt. Die Ausbildung ist auf Grund ihrer hohen Qualit\u00e4t sehr empfehlenswert. Sie ist praxisorientiert mit wissenschaftlichem Background, dank der Top Dozenten.<\/p><p>Durch die sehr umfangreiche und abwechslungsreiche Ausbildung konnte ich bereits viele Themen kennenlernen und so f\u00fcr mich entscheiden, welche Methoden zu mir passen und welche ich vertiefen und anwenden m\u00f6chte. Als Resultat dann nat\u00fcrlich auch, welchen Schwerpunkt ich als Coach setzen m\u00f6chte.<\/p><p>Weitere <a class=\"more\" href=\"https:\/\/coachingausbildung.academy\/kundenstimmen\/\">Kundenstimmen<\/a><\/p><\/div><\/div>\n\t\t<\/li>\n\t\t<li id=\"recentpostswithexcerpts-2\" class=\"widget recent_with_excerpt\">\n\t<h3 class=\"widgettitle\">Blog<\/h3><ul class=\"recent_posts_with_excerpts\"><li><h2 class=\"recent_posts_with_excerpts\"><a href=\"https:\/\/alpha02.com\/ILM-WEBDATA\/coachingausbildung\/test-test\/\">Test Test<\/a><\/h2><h3 class=\"date\">April 18, 2024<\/h3>                    <blockquote> <p>Test Test<\/p>\n<p class=\"alignright\"><small><a href=\"https:\/\/alpha02.com\/ILM-WEBDATA\/coachingausbildung\/test-test\/\">more...<\/a><\/small><\/p>\r\n                    <\/blockquote> <\/li>\r\n\t\t\t<li><h2 class=\"recent_posts_with_excerpts\"><a href=\"https:\/\/alpha02.com\/ILM-WEBDATA\/coachingausbildung\/die-goldene-regel-fuer-powerpoint-praesentationen\/\">Die goldene Regel f\u00fcr Powerpoint-Pr\u00e4sentationen<\/a><\/h2><h3 class=\"date\">November 3, 2023<\/h3>                    <blockquote> <p>Wenn es um Powerpoint-Pr\u00e4sentationen geht, kann man oft ein G\u00e4hnen kaum unterdr\u00fccken. Doch das muss nicht so sein! Guy Kawasaki, ein Marketingexperte &#8230; <br><a class=\"more\" href=\"https:\/\/alpha02.com\/ILM-WEBDATA\/coachingausbildung\/die-goldene-regel-fuer-powerpoint-praesentationen\/\">Lesen Sie mehr<\/a><\/p>\n<p class=\"alignright\"><small><a href=\"https:\/\/alpha02.com\/ILM-WEBDATA\/coachingausbildung\/die-goldene-regel-fuer-powerpoint-praesentationen\/\">more...<\/a><\/small><\/p>\r\n                    <\/blockquote> <\/li>\r\n\t\t\t<li><h2 class=\"recent_posts_with_excerpts\"><a href=\"https:\/\/alpha02.com\/ILM-WEBDATA\/coachingausbildung\/die-bedeutung-von-stimme-und-koerpersprache-in-business-praesentationen\/\">Die Bedeutung von Stimme und K\u00f6rpersprache in Business-Pr\u00e4sentationen<\/a><\/h2><h3 class=\"date\">Oktober 27, 2023<\/h3>                    <blockquote> <p>Business Pr\u00e4sentationen sind ein wichtiger Bestandteil im beruflichen Alltag. Um darin erfolgreich zu sein, m\u00fcssen wir uns nicht nur auf den Inhalt &#8230; <br><a class=\"more\" href=\"https:\/\/alpha02.com\/ILM-WEBDATA\/coachingausbildung\/die-bedeutung-von-stimme-und-koerpersprache-in-business-praesentationen\/\">Lesen Sie mehr<\/a><\/p>\n<p class=\"alignright\"><small><a href=\"https:\/\/alpha02.com\/ILM-WEBDATA\/coachingausbildung\/die-bedeutung-von-stimme-und-koerpersprache-in-business-praesentationen\/\">more...<\/a><\/small><\/p>\r\n                    <\/blockquote> <\/li>\r\n\t\t\t<li><h2 class=\"recent_posts_with_excerpts\"><a href=\"https:\/\/alpha02.com\/ILM-WEBDATA\/coachingausbildung\/welche-zwei-gegensaetzliche-eigenschaften-sie-als-fuehrungskraft-wissenschaftlich-erwiesen-erfolgreicher-machen\/\">Welche zwei gegens\u00e4tzliche Eigenschaften Sie als F\u00fchrungskraft wissenschaftlich erwiesen erfolgreicher machen<\/a><\/h2><h3 class=\"date\">Oktober 20, 2023<\/h3>                    <blockquote> <p>Inhaltsverzeichnis 1. Zeitenwende 2. Mut und Demut trainieren 3. Fazit und Umsetzung Zeitenwende Der F\u00fchrungsstil wandelt sich stetig. Im letzten Jahrzehnt hat &#8230; <br><a class=\"more\" href=\"https:\/\/alpha02.com\/ILM-WEBDATA\/coachingausbildung\/welche-zwei-gegensaetzliche-eigenschaften-sie-als-fuehrungskraft-wissenschaftlich-erwiesen-erfolgreicher-machen\/\">Lesen Sie mehr<\/a><\/p>\n<p class=\"alignright\"><small><a href=\"https:\/\/alpha02.com\/ILM-WEBDATA\/coachingausbildung\/welche-zwei-gegensaetzliche-eigenschaften-sie-als-fuehrungskraft-wissenschaftlich-erwiesen-erfolgreicher-machen\/\">more...<\/a><\/small><\/p>\r\n                    <\/blockquote> <\/li>\r\n\t\t\t<li><h2 class=\"recent_posts_with_excerpts\"><a href=\"https:\/\/alpha02.com\/ILM-WEBDATA\/coachingausbildung\/selftalk-und-glaubenssaetze-verstehen-vergleichen-und-beispiele-fuer-auswirkungen\/\">Selftalk und Glaubenss\u00e4tze: Verstehen, Vergleichen und Beispiele f\u00fcr Auswirkungen<\/a><\/h2><h3 class=\"date\">Oktober 13, 2023<\/h3>                    <blockquote> <p>Der Begriff Selftalk bezieht sich auf alle Botschaften, Kommentare, Beleidigungen, Abwertungen, Ermutigungen und Zuspr\u00fcche, die wir uns selbst unbewusst sagen oder im &#8230; <br><a class=\"more\" href=\"https:\/\/alpha02.com\/ILM-WEBDATA\/coachingausbildung\/selftalk-und-glaubenssaetze-verstehen-vergleichen-und-beispiele-fuer-auswirkungen\/\">Lesen Sie mehr<\/a><\/p>\n<p class=\"alignright\"><small><a href=\"https:\/\/alpha02.com\/ILM-WEBDATA\/coachingausbildung\/selftalk-und-glaubenssaetze-verstehen-vergleichen-und-beispiele-fuer-auswirkungen\/\">more...<\/a><\/small><\/p>\r\n                    <\/blockquote> <\/li>\r\n\t\t\t\t\t\t<\/ul>\r\n\t\t\t<\/li>\n\t\t<li id=\"text-11\" class=\"widget widget_text\">\t\t\t<div class=\"textwidget\"><h3 class=\"widgettitle\">\u00dcber die Ausbildungen<\/h3>\r\n<div itemscope itemtype=\"http:\/\/schema.org\/AudioObject\">\r\n<span itemprop=\"name\">Life und Business Coach Ausbildung - Mehrwert und Inhalte fuer Teilnehmer. Was bringt es?<\/span>\r\n<audio controls=\"controls\" data-mce-fragment=\"1\">\r\n<meta itemprop=\"encodingFormat\" content=\"audio\/mpeg\">\r\n<source itemprop=\"contentUrl\" src=\"https:\/\/alpha02.com\/ILM-WEBDATA\/coachingausbildung\/wp-content\/uploads\/2020\/02\/Life-und-Business-Coach-Ausbildung-Mehrwert-und-Inhalte-f\u00fcr-Teilnehmer.-Was-bringt-es_.mp3\" type=\"audio\/mpeg\">\r\n<\/audio>\r\n<\/div>\r\n\r\n&nbsp;\r\n<div itemscope itemtype=\"http:\/\/schema.org\/AudioObject\">\r\n<span itemprop=\"name\">Warum mit uns? Warum ist eine Coach Ausbildung an der Life &amp; Business Coaching Academy die Richtige<\/span>\r\n<audio controls=\"controls\" data-mce-fragment=\"1\">\r\n<meta itemprop=\"encodingFormat\" content=\"audio\/mpeg\">\r\n<source itemprop=\"contentUrl\" src=\"https:\/\/alpha02.com\/ILM-WEBDATA\/coachingausbildung\/wp-content\/uploads\/2020\/02\/Warum-mit-uns_-Warum-ist-eine-Coach-Ausbildung-an-der-Life-Business-Coaching-Academy-die-Richtige.mp3\" type=\"audio\/mpeg\">\r\n<\/audio>\r\n<\/div>\r\n\r\n&nbsp;\r\n<div\r\nitemscope itemtype=http:\/\/schema.org\/AudioObject>\r\n<span\r\nitemprop=name>Wie vergleiche ich <a\r\ndata-ail=2890 target=_self  href=https:\/\/alpha02.com\/ILM-WEBDATA\/coachingausbildung\/ title=\"Coaching Ausbildungen\">Coaching Ausbildungen<\/a>?<\/span><br>\r\n<audio\r\ncontrols=controls data-mce-fragment=1><meta\r\nitemprop=encodingFormat content=audio\/mpeg><source\r\nitemprop=contentUrl src=https:\/\/alpha02.com\/ILM-WEBDATA\/coachingausbildung\/wp-content\/uploads\/2019\/12\/Wie-vergleiche-ich-Coaching-Ausbildungen.mp3 type=audio\/mpeg><\/audio><\/div>\r\n\r\n&nbsp;\r\n<div itemscope itemtype=\"http:\/\/schema.org\/AudioObject\">\r\n<span itemprop=\"name\">Welche Coach Ausbildung Sie nicht machen sollten. Worauf ist zu achten?<\/span>\r\n<audio controls=\"controls\" data-mce-fragment=\"1\">\r\n<meta itemprop=\"encodingFormat\" content=\"audio\/mpeg\">\r\n<source itemprop=\"contentUrl\" src=\"https:\/\/alpha02.com\/ILM-WEBDATA\/coachingausbildung\/wp-content\/uploads\/2019\/12\/Welche-Coach-Ausbildung-Sie-nicht-machen-sollten.-Worauf-ist-zu-achten-.mp3\" type=\"audio\/mpeg\">\r\n<\/audio>\r\n<\/div><\/div>\n\t\t<\/li>\n\t\t<li id=\"custom_html-2\" class=\"widget_text widget widget_custom_html\"><div class=\"textwidget custom-html-widget\"><h2>Coachingausbildung mit IHK Zertifikat in Frankfurt \u2013 Kundenstimmen<\/h2>\r\n<div itemprop=\"video\" itemscope itemtype=\"http:\/\/schema.org\/VideoObject\">\r\n<h3><span itemprop=\"name\">Linda, Chistoph, Marc F\u00fchrungskr\u00e4fte Business Coach Ausbildung<\/span><\/h3>\r\n<meta itemprop=\"duration\" content=\"PT14M55S\">\r\n<meta itemprop=\"uploadDate\" content=\"2020-02-25T20:26:25Z\"\/>\r\n<meta itemprop=\"thumbnailURL\" content=\"https:\/\/i.ytimg.com\/vi\/zklqXEOtbko\/hqdefault.jpg\">\r\n<meta itemprop=\"interactionCount\" content=\"3700\">\r\n<meta itemprop=\"embedURL\" content=\"https:\/\/youtube.googleapis.com\/v\/zklqXEOtbko\">\r\n<div id=\"schema-videoobject\" class=\"video-container\"><iframe loading=\"lazy\" width=\"100%\" height=\"auto\" src=\"https:\/\/www.youtube.com\/embed\/zklqXEOtbko?rel=0&controls=0&showinfo=0\" frameborder=\"0\" allowfullscreen><\/iframe><\/div>\r\n<span class=\"nodisplay\" itemprop=\"description\">Business Coach Ausbildung und Life & Business Coach Ausbildung an der LBCA. Linda, Christoph und Mark gr\u00fcnden nach Abschluss der Coach Ausbildung ein Unternehmen f\u00fcr Coaching und Training. Ihr Eindruc...<\/span>\r\n<\/div>\r\n\r\n<div itemprop=\"video\" itemscope itemtype=\"http:\/\/schema.org\/VideoObject\">\r\n<h3><span itemprop=\"name\">HR Expertin Wiebke \u00fcber die Erfahrungen in der Coaching Ausbildung und warum es einen Mehrwert hat<\/span><\/h3>\r\n<meta itemprop=\"duration\" content=\"PT7M38S\">\r\n<meta itemprop=\"uploadDate\" content=\"2020-02-25T20:16:23Z\"\/>\r\n<meta itemprop=\"thumbnailURL\" content=\"https:\/\/i.ytimg.com\/vi\/DxdhXDSTfgI\/hqdefault.jpg\">\r\n<meta itemprop=\"interactionCount\" content=\"4\">\r\n<meta itemprop=\"embedURL\" content=\"https:\/\/youtube.googleapis.com\/v\/DxdhXDSTfgI\">\r\n<div id=\"schema-videoobject2\" class=\"video-container\"><iframe loading=\"lazy\" width=\"100%\" height=\"auto\" src=\"https:\/\/www.youtube.com\/embed\/DxdhXDSTfgI?rel=0&controls=0&showinfo=0\" frameborder=\"0\" allowfullscreen><\/iframe><\/div>\r\n<span class=\"nodisplay\" itemprop=\"description\">Teilnehmerstimmen nach abgeschlossener Ausbildung. \r\nInternational Business Coach IHK \r\nFrankfurt \r\nDauer der Ausbildung 13 Monate \r\nInfos unter\r\nwww.coachingausbildung.academy<\/span>\r\n<\/div>\r\n\r\n<div itemprop=\"video\" itemscope itemtype=\"http:\/\/schema.org\/VideoObject\">\r\n<h3><span itemprop=\"name\">Cay- international t\u00e4tige F\u00fchrungskraft \u00fcber Business Coach Ausbildung. Welche Erfahrung?<\/span><\/h3>\r\n<meta itemprop=\"duration\" content=\"PT10M13S\">\r\n<meta itemprop=\"uploadDate\" content=\"2020-02-25T19:41:03Z\"\/>\r\n<meta itemprop=\"thumbnailURL\" content=\"https:\/\/i.ytimg.com\/vi\/cdiuLdaGGRI\/hqdefault.jpg\">\r\n<meta itemprop=\"interactionCount\" content=\"3\">\r\n<meta itemprop=\"embedURL\" content=\"https:\/\/youtube.googleapis.com\/v\/cdiuLdaGGRI\">\r\n<div id=\"schema-videoobject3\" class=\"video-container\"><iframe loading=\"lazy\" width=\"100%\" height=\"auto\" src=\"https:\/\/www.youtube.com\/embed\/cdiuLdaGGRI?rel=0&controls=0&showinfo=0\" frameborder=\"0\" allowfullscreen><\/iframe><\/div>\r\n<span class=\"nodisplay\" itemprop=\"description\">Teilnehmerstimmen nach abgeschlossener Ausbildung. \r\nInternational  Business Coach IHK \r\nFrankfurt \r\nDauer der Ausbildung 13 Monate \r\nInfos unter\r\nwww.coachingausbildung.academy<\/span>\r\n<\/div>\r\n\r\n<div itemprop=\"video\" itemscope itemtype=\"http:\/\/schema.org\/VideoObject\">\r\n<h3><span itemprop=\"name\">Bringt eine Coach Ausbildung etwas? F\u00fchrungskraft und Gesch\u00e4ftsf\u00fchrer Andor nach der Ausbildung.<\/span><\/h3>\r\n<meta itemprop=\"duration\" content=\"PT7M18S\">\r\n<meta itemprop=\"uploadDate\" content=\"2020-02-25T12:45:00Z\"\/>\r\n<meta itemprop=\"thumbnailURL\" content=\"https:\/\/i.ytimg.com\/vi\/cGRaQQMgxp8\/hqdefault.jpg\">\r\n<meta itemprop=\"interactionCount\" content=\"4\">\r\n<meta itemprop=\"embedURL\" content=\"https:\/\/youtube.googleapis.com\/v\/cGRaQQMgxp8\">\r\n<div id=\"schema-videoobject4\" class=\"video-container\"><iframe loading=\"lazy\" width=\"100%\" height=\"auto\" src=\"https:\/\/www.youtube.com\/embed\/cGRaQQMgxp8?rel=0&controls=0&showinfo=0\" frameborder=\"0\" allowfullscreen><\/iframe><\/div>\r\n<span class=\"nodisplay\" itemprop=\"description\">Teilnehmerstimmen nach abgeschlossener Ausbildung. \r\nInternational  Business Coach IHK \r\nFrankfurt \r\nDauer der Ausbildung 13 Monate \r\nInfos unter\r\nwww.coachingausbildung.academy<\/span>\r\n<\/div>\r\n\r\n<div itemprop=\"video\" itemscope itemtype=\"http:\/\/schema.org\/VideoObject\">\r\n<h3><span itemprop=\"name\">F\u00fchrungskr\u00e4fte \u00fcber den Mehrwert von Coach Ausbildungen. Was bringt eine Coach Ausbildung- Caroline<\/span><\/h3>\r\n<meta itemprop=\"duration\" content=\"PT6M55S\">\r\n<meta itemprop=\"uploadDate\" content=\"2020-02-25T12:30:08Z\"\/>\r\n<meta itemprop=\"thumbnailURL\" content=\"https:\/\/i.ytimg.com\/vi\/x93-qwm-cto\/hqdefault.jpg\">\r\n<meta itemprop=\"interactionCount\" content=\"4\">\r\n<meta itemprop=\"embedURL\" content=\"https:\/\/youtube.googleapis.com\/v\/x93-qwm-cto\">\r\n<div id=\"schema-videoobject5\" class=\"video-container\"><iframe loading=\"lazy\" width=\"100%\" height=\"auto\" src=\"https:\/\/www.youtube.com\/embed\/x93-qwm-cto?rel=0&controls=0&showinfo=0\" frameborder=\"0\" allowfullscreen><\/iframe><\/div>\r\n<span class=\"nodisplay\" itemprop=\"description\">Teilnehmerstimmen nach abgeschlossener Ausbildung. \r\nInternational  Business Coach IHK \r\nFrankfurt \r\nDauer der Ausbildung 13 Monate \r\nInfos unter\r\nwww.coachingausbildung.academy<\/span>\r\n<\/div>\r\n\r\n<div itemprop=\"video\" itemscope itemtype=\"http:\/\/schema.org\/VideoObject\">\r\n<h3><span itemprop=\"name\">F\u00fchrungskraft macht Coach Ausbildung. Warum wenn es doch gut l\u00e4uft. Nach Coach Ausbildung - Martin<\/span><\/h3>\r\n<meta itemprop=\"duration\" content=\"PT5M19S\">\r\n<meta itemprop=\"uploadDate\" content=\"2020-02-25T15:46:36Z\"\/>\r\n<meta itemprop=\"thumbnailURL\" content=\"https:\/\/i.ytimg.com\/vi\/_O1DyJdz9Wk\/hqdefault.jpg\">\r\n<meta itemprop=\"interactionCount\" content=\"5\">\r\n<meta itemprop=\"embedURL\" content=\"https:\/\/youtube.googleapis.com\/v\/_O1DyJdz9Wk\">\r\n<div id=\"schema-videoobject6\" class=\"video-container\"><iframe loading=\"lazy\" width=\"100%\" height=\"auto\" src=\"https:\/\/www.youtube.com\/embed\/_O1DyJdz9Wk?rel=0&controls=0&showinfo=0\" frameborder=\"0\" allowfullscreen><\/iframe><\/div>\r\n<span class=\"nodisplay\" itemprop=\"description\">Teilnehmerstimmen nach abgeschlossener Ausbildung. \r\nInternational Business Coach IHK \r\nFrankfurt \r\nDauer der Ausbildung 13 Monate \r\nInfos unter\r\nwww.coachingausbildung.academy<\/span>\r\n<\/div>\r\n\r\n<div itemprop=\"video\" itemscope itemtype=\"http:\/\/schema.org\/VideoObject\">\r\n<h3><span itemprop=\"name\">Coaching Ausbildung IHK Zertifikat in Frankfurt - Ina Mitarbeiterin in Projekten heute Team Coach<\/span><\/h3>\r\n<meta itemprop=\"duration\" content=\"PT7M46S\">\r\n<meta itemprop=\"uploadDate\" content=\"2020-02-25T16:00:22Z\"\/>\r\n<meta itemprop=\"thumbnailURL\" content=\"https:\/\/i.ytimg.com\/vi\/n4nTLpx-UVE\/hqdefault.jpg\">\r\n<meta itemprop=\"interactionCount\" content=\"44\">\r\n<meta itemprop=\"embedURL\" content=\"https:\/\/youtube.googleapis.com\/v\/n4nTLpx-UVE\">\r\n<div id=\"schema-videoobject7\" class=\"video-container\"><iframe loading=\"lazy\" width=\"100%\" height=\"auto\" src=\"https:\/\/www.youtube.com\/embed\/n4nTLpx-UVE?rel=0&controls=0&showinfo=0\" frameborder=\"0\" allowfullscreen><\/iframe><\/div>\r\n<span class=\"nodisplay\" itemprop=\"description\">Teilnehmerstimmen nach abgeschlossener Ausbildung. \r\nInternational Life &  Business Coach IHK \r\nFrankfurt \r\nDauer der Ausbildung 13 Monate \r\nInfos unter\r\nwww.coachingausbildung.academy<\/span>\r\n<\/div>\r\n\r\n<div itemprop=\"video\" itemscope itemtype=\"http:\/\/schema.org\/VideoObject\">\r\n<h3><span itemprop=\"name\">Was sagt ein Teamleiter im Banken-Business im Nachhinein \u00fcber die Life und Business Coach Ausbildung<\/span><\/h3>\r\n<meta itemprop=\"duration\" content=\"PT6M16S\">\r\n<meta itemprop=\"uploadDate\" content=\"2020-02-25T15:51:18Z\"\/>\r\n<meta itemprop=\"thumbnailURL\" content=\"https:\/\/i.ytimg.com\/vi\/_ShgjO7Cfmk\/hqdefault.jpg\">\r\n<meta itemprop=\"interactionCount\" content=\"5\">\r\n<meta itemprop=\"embedURL\" content=\"https:\/\/youtube.googleapis.com\/v\/_ShgjO7Cfmk\">\r\n<div id=\"schema-videoobject8\" class=\"video-container\"><iframe loading=\"lazy\" width=\"100%\" height=\"auto\" src=\"https:\/\/www.youtube.com\/embed\/_ShgjO7Cfmk?rel=0&controls=0&showinfo=0\" frameborder=\"0\" allowfullscreen><\/iframe><\/div>\r\n<span class=\"nodisplay\" itemprop=\"description\">Teilnehmerstimmen nach abgeschlossener Ausbildung. \r\nInternational  Life & Business Coach IHK \r\nFrankfurt \r\nDauer der Ausbildung 13 Monate \r\nInfos unter\r\nwww.coachingausbildung.academy<\/span>\r\n<\/div><\/div><\/li>\n\t\t<li id=\"text-9\" class=\"widget widget_text\">\n\t<h3 class=\"widgettitle\">Podcast<\/h3>\t\t\t<div class=\"textwidget\"><span>Coachingausbildung Academy Infos zur Coachingausbildung<\/hspan><audio width=\"250\" height=\"32\" controls=\"controls\"><source src=\"https:\/\/www.businesscoaching.com.de\/wp-content\/uploads\/2014\/07\/coachingausbildung-business-Coach-und-Life-Coach-.mp3\" type=\"audio\/mpeg\"><\/audio>\r\n<br>\r\n<br>\r\n<span>Coachingausbildung Academy Dauer der Ausbildung<\/span><audio width=\"250\" height=\"32\" controls=\"controls\"><source src=\"https:\/\/www.businesscoaching.com.de\/wp-content\/uploads\/2014\/07\/coachingausbildung-Life-Coach-und-Business-Coach-Dauer.mp3\" type=\"audio\/mpeg\"><\/audio>\r\n<br>\r\n<br>\r\n<span>Coachingausbildung Academy Die Teacher<\/span><audio width=\"250\" height=\"32\" controls=\"controls\"><source src=\"https:\/\/www.businesscoaching.com.de\/wp-content\/uploads\/2014\/07\/coachingausbildung-Life-Coach-und-Business-Coach-Ausbilder.mp3\" type=\"audio\/mpeg\" \/><\/audio><br><\/div>\n\t\t<\/li>\n\t\t<li id=\"text-13\" class=\"widget widget_text\">\t\t\t<div class=\"textwidget\"><p>&nbsp;<\/p>\n<ul>\n<li style=\"list-style-type: none; margin-bottom: 30px;\"><img decoding=\"async\" class=\"aligncenter\" style=\"width: 250px; height: auto;\" src=\"https:\/\/alpha02.com\/ILM-WEBDATA\/coachingausbildung\/wp-content\/uploads\/2023\/09\/IHK_logo.jpg\" alt=\"IHK_Logo\"><\/li>\n<li style=\"list-style-type: none;\"><img loading=\"lazy\" decoding=\"async\" width=\"250\" height=\"250\" class=\"aligncenter wp-image-4359\" style=\"width: 250px; height: auto;\" src=\"https:\/\/alpha02.com\/ILM-WEBDATA\/coachingausbildung\/wp-content\/uploads\/2023\/09\/qualischeck.png\" alt=\"QualiScheck Coaching Ausbildung Life Business Coching\"><\/li>\n<li id=\"text-15\" class=\"widget widget_text\" style=\"list-style-type: none;\">\n<h3 class=\"widgettitle\">Zertifiziert durch QRC<\/h3>\n<div class=\"textwidget\">\n<p><img decoding=\"async\" class=\"aligncenter wp-image-1796\" style=\"width: 100%; height: auto;\" src=\"https:\/\/www.businesscoaching.com.de\/wp-content\/uploads\/2018\/04\/Logo-QRC-10.11-2.jpg\" alt=\"Logo QRC Zertifikat\"><\/p>\n<\/div>\n<\/li>\n<li class=\"widget widget_text\" style=\"list-style-type: none;\">\n<h3 class=\"widgettitle\">Akkreditiert und Zertifiziert durch ICF<\/h3>\n<div class=\"textwidget\">\n<p><a href=\"https:\/\/alpha02.com\/ILM-WEBDATA\/coachingausbildung\/wp-content\/uploads\/2023\/10\/ICF-Zertifikat.jpg\" data-rel=\"lightbox-image-4oCdbGlnaHRib3jigJ0=\" data-rl_title=\"\" data-rl_caption=\"\" title=\"\"><img decoding=\"async\" class=\"aligncenter wp-image-1796\" style=\"width: 100%; height: auto;\" src=\"https:\/\/alpha02.com\/ILM-WEBDATA\/coachingausbildung\/wp-content\/uploads\/2023\/09\/CE_Level1_Color.png\" alt=\"Logo ICF Member\"><\/a><\/p>\n<\/div>\n<\/li>\n<li id=\"text-16\" class=\"widget widget_text\" style=\"list-style-type: none;\">\n<h3 class=\"widgettitle\">Top 100 Unternehmer<\/h3>\n<div class=\"textwidget\">\n<p><img loading=\"lazy\" decoding=\"async\" class=\"size-full wp-image-2256 aligncenter\" src=\"https:\/\/www.businesscoaching.com.de\/wp-content\/uploads\/2019\/03\/siegel_top100_unternehmer_exc_2018_rgb.png\" alt=\"siegel Top100 Unternehmer\" width=\"175\" height=\"162\"><\/p>\n<\/div>\n<\/li>\n<\/ul>\n<p>&nbsp;<\/p>\n<\/div>\n\t\t<\/li>\t\t\t<\/ul>\r\n\t\t<\/nav><div style=\"clear:both;\"><\/div>\r\n\t<\/aside><br><\/div><div class='clear_column'><\/div><\/p>\n","protected":false},"excerpt":{"rendered":"","protected":false},"author":10,"featured_media":0,"parent":0,"menu_order":3,"comment_status":"open","ping_status":"closed","template":"","meta":{"footnotes":""},"_links":{"self":[{"href":"https:\/\/alpha02.com\/ILM-WEBDATA\/coachingausbildung\/wp-json\/wp\/v2\/pages\/7"}],"collection":[{"href":"https:\/\/alpha02.com\/ILM-WEBDATA\/coachingausbildung\/wp-json\/wp\/v2\/pages"}],"about":[{"href":"https:\/\/alpha02.com\/ILM-WEBDATA\/coachingausbildung\/wp-json\/wp\/v2\/types\/page"}],"author":[{"embeddable":true,"href":"https:\/\/alpha02.com\/ILM-WEBDATA\/coachingausbildung\/wp-json\/wp\/v2\/users\/10"}],"replies":[{"embeddable":true,"href":"https:\/\/alpha02.com\/ILM-WEBDATA\/coachingausbildung\/wp-json\/wp\/v2\/comments?post=7"}],"version-history":[{"count":0,"href":"https:\/\/alpha02.com\/ILM-WEBDATA\/coachingausbildung\/wp-json\/wp\/v2\/pages\/7\/revisions"}],"wp:attachment":[{"href":"https:\/\/alpha02.com\/ILM-WEBDATA\/coachingausbildung\/wp-json\/wp\/v2\/media?parent=7"}],"curies":[{"name":"wp","href":"https:\/\/api.w.org\/{rel}","templated":true}]}}